ed by 4?
3
Let w(v) = 3*v + 17. Let g be w(-11). Let y = g - -3. Let o = y - -21. Calculate the remainder when 22 is divided by o.
6
What is the remainder when 22912/960 + (-2)/(-15) is divided by 16?
8
Suppose -3*j = -5*f + 188, 50 = 2*f + 31*j - 28*j. What is the remainder when 316 is divided by f?
10
Suppose -9*w + 11*w - 2*x - 2006 = 0, 3*w = -x + 3005. What is the remainder when w is divided by 113?
98
Let b(j) = -j + 14. Let t = 0 - 9. What is the remainder when 3 + -1 - (-42 - 23) is divided by b(t)?
21
Let q(n) = -n**3 - 27*n**2 - 25*n + 54. Let a be q(-26). What is the remainder when 1018 is divided by (-42)/a - (-252)/8?
28
Let s = -4895 - -4917. What is the remainder when 3078 is divided by s?
20
Let m = 12 - -16. Suppose -3*x + 3*z = -156, 9*x - 5*z - 211 = 5*x. Suppose -m = k - x. Calculate the remainder when 30 is divided by k.
9
Let z = 155380 + -155339. Suppose 0 = 4*m - 8*m + 2456. Calculate the remainder when m is divided by z.
40
Let d = 58 + -56. Suppose 0 = 3*z - 3*x - 3, 0*x = d*z - x - 4. What is the remainder when z is divided by 1?
0
Let w be ((-57)/(-152))/((-2)/(-16)). Suppose -4*f - 4 = -5*f + w*x, -4*x - 17 = -3*f. What is the remainder when 67 is divided by f?
4
Let o(l) = 5*l**2 - 15*l - 4. Let f = -283 - -287. What is the remainder when 24 is divided by o(f)?
8
Suppose 12*h + 586 = 10*h + 4*b, 0 = -5*b - 25. Let k = -280 - h. What is the remainder when 167 is divided by k?
6
What is the remainder when (-418 - -2)/(-4) - -3 is divided by (84/9)/((-35)/(-105))?
23
Let f(v) be the second derivative of v**4/12 + 7*v**3/6 - 2*v**2 - 12*v. Calculate the remainder when 122 is divided by f(3).
18
Let h(c) = 13*c**2 - 10*c - 5. Let p be h(5). Suppose 296 = 3*o - l - p, 4 = 4*l. Suppose -43 + o = 2*n. Calculate the remainder when n is divided by 19.
16
Let l(s) = s**3 - 20*s**2 + 51*s - 588. What is the remainder when 2637 is divided by l(19)?
17
Suppose -49*y - 168 = -57*y. Calculate the remainder when 5014 is divided by y.
16
Let v(n) = -2*n**3 - 6*n**2 - 7*n + 4. Let x be v(-4). Suppose 0 = 4*s + 4*a - 272, 0 = -2*s + 5*a + 221 - x. What is the remainder when s is divided by 21?
8
Let x = -20 + 33. Let u = -992 + -70. Let i = u + 1099. What is the remainder when i is divided by x?
11
Suppose 40*q + 44*q - 1419 = -45*q. Calculate the remainder when 5169 is divided by q.
10
Let x = 49 + 9. Let u be (1 + (-93)/(-2))*(-40)/(-50). Suppose 0 = 4*c - 3*m - 69, -5*m = -4*c + c + u. Calculate the remainder when x is divided by c.
16
Let m be (6/8)/(3/8). Suppose 2*j + m*j = -84. Calculate the remainder when 2/((-64)/j - 3) is divided by 16.
10
Let v = -1444 - -1756. Calculate the remainder when 1268 is divided by v.
20
Suppose -2*u + 6*u - 44 = 0. Let o = 138 - 87. Let t = o + -19. Calculate the remainder when t is divided by u.
10
Suppose 2*a - 6 = -0*a + r, 5*a = -4*r + 2. Suppose a*b - 440 = -8*b. What is the remainder when b is divided by 16?
12
Suppose 1293*r - 646 = 1276*r. Calculate the remainder when r is divided by 6.
2
Let h = -18276 + 19733. Calculate the remainder when h is divided by 8.
1
Suppose -2*w - 14*w + 189 = 11*w. Suppose -k - 2*i = -23, -5*i - 64 = -2*k - 0*i. Calculate the remainder when k is divided by w.
6
What is the remainder when (-3)/((-54)/6423) + (-6)/(-36) is divided by 85?
17
Let h = -388 - -444. Let w = h + 108. Calculate the remainder when w is divided by 24.
20
Suppose 464 = -4*h - d + 3110, -d = -5*h + 3294. What is the remainder when h is divided by 172?
144
Suppose 6*j - 228 = 277 - 169. Calculate the remainder when 254 is divided by j.
30
Suppose 0 = 43*o - 287*o + 72468. What is the remainder when 17520 is divided by o?
294
Let s = -13 + 101. Suppose -3*o + 177*y = 173*y - 2839, -2*o + 5*y = -1860. What is the remainder when o is divided by s?
85
Let a(m) = -m**3 + 9*m**2 - 3*m + 9. Let v be a(4). Let c be (-4)/(-26) + 4000/26. Let p = c - v. Calculate the remainder when p is divided by 20.
17
Suppose -5*a = -w + 181, 13*w = 12*w - 2*a + 216. Calculate the remainder when w is divided by 83.
40
Let s(d) = d**2 - 5*d + 6. Let m(c) = 2*c - 27. Let x be m(16). What is the remainder when 27 is divided by s(x)?
3
Suppose 0 = -2*w + 4*o + 162, -4*w - 3*o + 376 - 85 = 0. Suppose 77*l - 52*l = 40*l - 240. What is the remainder when w is divided by l?
11
Let k = -18 + 31. Let z = 405 - 402. Suppose 145 = 3*o + 2*p, -5*o + 4*o + 41 = -z*p. Calculate the remainder when o is divided by k.
8
Let p = -9618 - -13367. Calculate the remainder when p is divided by 31.
29
Let w(r) = -16*r**3 + 2*r + 1. Suppose 5*h - 73*u + 70*u = 222, 5*h + 2*u = 202. Let v = h + 13. Calculate the remainder when v is divided by w(-1).
10
Suppose -v + 6 = 0, -447 = -i - 2*i - 3*v. What is the remainder when i is divided by 21?
17
Let m(k) = -9*k + 76. Let f be ((-35)/(-175) - (-52)/(-10)) + 5. Calculate the remainder when m(f) is divided by 11.
10
Let b(q) = 3*q**3 + 9*q**2 + q - 15. Let m be b(-6). Let k = m + 399. What is the remainder when k is divided by 47?
7
Let i be (2 + 6)/(2/1). Suppose 4*m = 4*w - 112, -1 = w + 4*m - i. What is the remainder when 205 is divided by w?
21
Let l(s) = 5*s**2 + 63*s - 522. What is the remainder when l(-20) is divided by 56?
50
Let c(h) be the second derivative of h**5/20 - 11*h**4/12 + h**3/3 - 3*h**2 + 2*h - 12. Calculate the remainder when 46 is divided by c(11).
14
Suppose -46*b + 14*b + 1568 = 0. Let t = b - -155. Calculate the remainder when t is divided by 9.
6
Let q be (-2*86)/(6/12). Let k = 378 + q. Calculate the remainder when 201 is divided by k.
31
Suppose 37*h + 31*h - 168266 = -170*h. What is the remainder when h is divided by 13?
5
Suppose -4 = -o, 2*l + 42*o - 41*o - 262 = 0. Calculate the remainder when 629 is divided by l.
113
Suppose 4*p + 3*b - 100 = 0, -p = -5*b - 5 - 43. Calculate the remainder when 2090 is divided by p.
18
What is the remainder when 441 is divided by (-960)/448 - (-4870)/35?
30
Let l = 71 - 51. Suppose 7 = a + l. Let q = 41 + a. What is the remainder when 53 is divided by q?
25
Let a = 149 + -130. Let z(k) = k**3 + 7*k**2 - 12*k + 3. Let f(r) = -r**3 - 9*r**2 - 8. Let g be f(-9). What is the remainder when z(g) is divided by a?
16
What is the remainder when 1919 is divided by 6 - -13 - (8 - 0)?
5
What is the remainder when 6/45 - 53312/(-210) is divided by 87?
80
Let s(d) = -361*d**3 - 6*d**2 + 15*d + 20. What is the remainder when s(-1) is divided by 13?
9
Suppose 2*y = -2*m + 16, 24*y - 20*y + 2*m - 24 = 0. Suppose 4*g - y = -q, -5*q - 36 = -g - 14. Calculate the remainder when 10 is divided by g.
0
Let p = 200 + -196. Suppose j + 160 = 5*c - p*j, c + 2*j = 23. Calculate the remainder when 81 is divided by c.
23
Suppose 4*w + z = 30, 4*w + 12*z - 9*z = 26. Suppose w*l - 2*l = 7284. What is the remainder when l is divided by 27?
26
Suppose -3*w = -7*w + d + 180, 4*w - 168 = -2*d. What is the remainder when 391 is divided by w?
39
Let u(k) = -k - 3*k**2 + 4*k**3 - 4 + 10*k**2 - 2*k**3 - k**3. Let a be u(-7). Let m(q) = q**3 - 6. Calculate the remainder when 62 is divided by m(a).
20
Let c(m) = -11*m + 10*m + 36 + 18. What is the remainder when c(-2) is divided by 19?
18
Suppose 9*u = 257 - 59. Let h be 796/u + (-38)/209 - -3. Suppose 0 = s - 4*s + h. What is the remainder when 19 is divided by s?
6
Suppose -7*u + 1780 = -27*u. Suppose -t + 2*y - 14 = 27, 5*t + 197 = 2*y. Let h = t - u. Calculate the remainder when h is divided by 19.
12
Let s = -563 - -573. What is the remainder when 9/45 - (-548)/s is divided by 33?
22
Let g be 9 - -1 - (-30)/(-6). Suppose 5*f = 4*y + 246, -f - y - 188 = -g*f. Suppose -11*p = -7*p - 68. What is the remainder when f is divided by p?
12
Let x = 23478 - 17918. What is the remainder when x is divided by 6?
4
Suppose -90 = 3*j - 4*b - 103, 0 = j + 4*b - 31. Calculate the remainder when 2472 is divided by j.
8
Calculate the remainder when 1272 is divided by 279/12 + 770/440.
22
Suppose -392 = 9*z - 1490. What is the remainder when z is divided by 30?
2
Suppose 29*n - 66 = 18*n. Suppose 0 = n*d - 82 - 2. Calculate the remainder when 57 is divided by d.
1
Let g be (2 - 26/10) + 2655/(-75). Suppose 14 = r + r. What is the remainder when r is divided by g/(-12)*(-3 - -4)?
1
Let n(w) = -302*w + 1940. Calculate the rema